 + 4*w**2 + 4*w - 3*w + 12 + w**3. Let f = -42477 - -42465. Give l(f).
0
Let u(i) = 9*i + 6 + 8*i + i**3 - 41*i - 8*i**2 + 15*i. Suppose -34 = -5*g + 11. Calculate u(g).
6
Let c(q) = 3*q**2 + 24*q - 9. Suppose -3 = -w - 2*g, -21*w - 3*g = -16*w + 27. Give c(w).
18
Let t(r) = -25*r**3 + 79*r**2 - 9*r + 1. Let y be t(3). Let g(f) = 8*f + 13. Calculate g(y).
93
Suppose 2*g = 10, -3*g = -47*u + 43*u + 9. Let m(t) = -6*t**2 - 2*t + 0*t**2 + t**3 - 2 + 12. What is m(u)?
-2
Let g = -32 - -32. Suppose g = -p + 9 - 7. Let h(c) = 6*c**2 - 2*c + 3*c**2 - 6*c**2 - 2*c**2 - 2. Calculate h(p).
-2
Let g(p) = -2*p**3 + p + 1. Let n be g(-1). Let l(i) = 8*i**2 + 2*i - 17. Let f(v) = -30*v**2 - 6*v + 59. Let a(k) = 2*f(k) + 7*l(k). Calculate a(n).
-13
Let z be ((-3)/6*10 + 133)*3. Let m = 382 - z. Let b(d) = d**2 - 1. Determine b(m).
3
Let s(y) = y**2 - 2*y - 2. Let x be 135/(-54)*8/(-10). Let a be 1/(x*1/(-2)). Let g be ((-12)/(-30))/(a/(-5)). Determine s(g).
-2
Let m(d) = 4*d + 8 - 4*d - d + d**2. Suppose 6 = 3*j, -3*u = 4*j + 45 - 53. What is m(u)?
8
Let s(n) = 3*n - 27. Let p(v) = -v + 27. Let q be p(18). Let y be s(q). Let g(h) = h**3 - 2. What is g(y)?
-2
Let x(i) = -4*i - 6. Let o be x(-2). Let r(z) = 5*z**2 - z + 1. Let g(l) = -l**2. Let j be (-12)/(-15)*(-10)/(-4). Let c(f) = j*r(f) + 9*g(f). Determine c(o).
2
Let a(p) = 9*p + 265*p**2 - p**3 - 272*p**2 + 4190 - 2082 - 2097. Suppose -5*y - 2*r = 50, 0 = 5*y + r - 2*r + 35. Determine a(y).
3
Suppose 0 = 4*f - 25 - 39. Let m be 6/f + (-74)/(-16). Suppose -3*c + 7 = -m. Let v(q) = -3*q - 2. Determine v(c).
-14
Let m(n) = n - 7. Suppose -203 = 4*o - 4*g - 51, 3*g = 4*o + 149. Suppose 3*l + 5*p + 97 = 0, -l - 3*p = -8*p + 19. Let h = o - l. What is m(h)?
-13
Let g be (5 - 10) + (73 - 66). Let s(u) be the second derivative of 0 - u**g - 13*u - 2/3*u**3. What is s(-3)?
10
Let r(b) = 17*b + 22. Let n be r(3). Let x(j) = -j + 82 - 142 + n. Suppose v + v - 5*a - 4 = 0, -3*a = 2*v - 20. Determine x(v).
6
Let p(i) = i**3 + 14*i**2 - 3*i - 12. Let m(d) = -4*d**3 - 44*d**2 + 7*d + 36. Let c = -496 - -489. Let r(o) = c*p(o) - 2*m(o). What is r(9)?
-6
Let w(a) be the second derivative of -a**4/12 + a**3/3 + 2*a**2 - 336*a. Suppose 0 = -13*o + 15*o + 6. Give w(o).
-11
Let w(u) = -6*u - 30. Let v be w(-28). Let c = v + -139. Let p(l) = 6*l + 1. Calculate p(c).
-5
Let p(r) = r**3 - 10*r**2 - 11*r + 2. Let c = 2181 + -2170. What is p(c)?
2
Let q(f) = -10*f**2 - 3*f + 2. Let y be q(1). Let o(d) = 5*d**3 - d**2 - 1. Let m(z) = -9*z**3 + 14*z**2 + 11*z + 9. Let l(a) = m(a) + 2*o(a). Determine l(y).
7
Suppose 5*l - 15 - 10 = 0. Let a(r) = -137*r - 4. Let x(o) = 1100*o + 7. Let j(d) = -8*a(d) - x(d). Determine j(l).
5
Let m = 14904 + -14901. Let s(b) be the third derivative of b**5/20 - b**4/8 - b**3/6 + 2*b**2. What is s(m)?
17
Let s(x) = x**2 - 11*x - 7*x - 4*x + 28 - 9*x + 21*x. Determine s(8).
12
Let y = -528 - -530. Let k(n) = -y + 10*n + 10*n - 21*n - 2*n**2. Calculate k(3).
-23
Let m(f) = f**2 + 27*f + 85. Let u(s) = s**3 + 133*s**2 - 137*s - 406. Let b be u(-134). Determine m(b).
-7
Let l(b) be the second derivative of -5*b**4/12 + 17*b**3/6 - 3*b**2/2 - 267*b + 2. What is l(2)?
11
Let g = -7455 + 7483. Let a(d) = -d**2 + 28*d + 53. Calculate a(g).
53
Let v(j) = -6006*j + 7 - 6087*j + 12074*j. Calculate v(6).
-107
Let n(g) = g**3 - 17*g**2 - 41*g + 40. Let l be (-357)/(-18) - (-10)/(-12). Give n(l).
-17
Suppose 5*n + 5*l - 45 = 0, -5*n + 9*l - 4*l - 5 = 0. Suppose n*m - 5*m = -3*m. Let o(j) = -4*j + 5. Determine o(m).
5
Suppose -3*h = -5*z - 9, 0 = 3*z - 4*z - 3*h + 9. Let c(s) = s + 2. Let v(t) = -6*t - 10. Let d(b) = -16*c(b) - 3*v(b). What is d(z)?
-2
Suppose 18*t + 3*d = 15*t + 27, -15 = -5*t + d. Let y(c) be the second derivative of 21*c - 1/12*c**t - 3/2*c**3 + 0 - 4*c**2. What is y(-7)?
6
Let i(o) be the third derivative of -23*o**4/24 - o**3/2 - 67*o**2. Let g be i(0). Let k(f) = f**3 + f**2 - 5*f - 4. What is k(g)?
-7
Let y(n) = -n + 16. Let b(p) = 4*p**2 - p + 1. Let d be b(-1). Suppose 4*t = d + 10. Suppose 4*j + 0 + 4 = -2*l, -t*j - 28 = -l. Determine y(l).
8
Let j(s) be the first derivative of -s**2 + 2*s + 966. Calculate j(4).
-6
Let h(i) = i**2 + 21*i + 23. Suppose 4*n + 72 = -4*d, 0 = -3*n + 3*d - 0 - 54. Determine h(n).
-31
Let s be 4/(-34) - (-6400)/68. Suppose -96*x = -s*x. Let q(t) = -t**3 + t**2 + 23. Determine q(x).
23
Let p(x) = x - 5. Let q be p(4). Let g be 12*(q/6)/(7/(-21)). Let i(w) = -5*w**2 + 3*w**2 + 5*w - 8 + w**2. Give i(g).
-14
Let m(j) be the second derivative of -j**5/20 + j**4/2 + j**3/2 + 5*j**2/2 + 2*j. Let l = -52523 - -52529. Calculate m(l).
23
Let o(b) be the first derivative of 4*b**3/3 + 11*b**2/2 + 30*b - 1321. Calculate o(-4).
50
Let a(f) = -f**2 - 1 + 2*f**3 - 3*f**3 + 21. Suppose -j - j = 20. Let z(u) = u**2 + 7*u - 30. Let w be z(j). Determine a(w).
20
Let k(u) be the first derivative of u**4/4 + 5*u**3/3 - u**2 + 22*u + 308. Give k(-6).
-2
Suppose l = -4*k + 14 + 2, 5*l + 3*k - 63 = 0. Let q(n) = -n**2 - 15*n - 3*n - l*n - 6 + 36*n. Give q(5).
-1
Let f(a) = a**3 - 6*a**2 + a - 2. Let w(r) = -r**3 - r**2 + 2*r - 1. Let m be w(0). Let b be m/((-5)/(-120)*-4). Give f(b).
4
Let o(n) = -10*n**3 + n**2 - n - 1. Let x be o(-1). Let k(r) = -r**2 + 11*r - 51. Let u(s) = -s**2 + 11*s - 43. Let t(d) = 5*k(d) - 6*u(d). Determine t(x).
3
Let f(a) = a**2 - a. Let o be f(-1). Let q be 0 - 1/(-3)*96/16. Let p(b) = 11 - 5*b**2 + b - 10 + o*b**q. Determine p(-1).
-3
Let r(z) = -z**3 - 10*z**2 + 6*z - 1. Let q = 8127 - 8136. What is r(q)?
-136
Let q(k) = 5*k**2 - k + 2. Suppose 0 = 4*t + 4*l + 36, -5 = -t + 5*l - 2. Let r(y) = -6*y - 40. Let j be r(t). Give q(j).
20
Let r(y) = 489*y + 594. Let d(p) = 134*p + 170. Let n(o) = 18*d(o) - 5*r(o). Give n(2).
24
Let y(h) = -8*h**3 + 46*h**2 - 49*h - 61. Let g(z) = 19*z**3 - 91*z**2 + 101*z + 119. Let s(x) = -2*g(x) - 5*y(x). Give s(23).
-2
Let a(g) be the first derivative of -g**5/20 - g**4/12 + 18*g**3 - 13. Let y(t) be the third derivative of a(t). Give y(-4).
22
Let c(s) = s**3 - 2*s**2 - 2*s + 3. Let d be 94/(-517) + ((-84)/22 - -2). Let z(m) = -6*m**3 + 11*m**2 + 12*m - 16. Let l(h) = d*z(h) - 11*c(h). Give l(2).
3
Let x(z) = -1 - 1 - z**2 - 1. Suppose -99 = 4*i - 115. Give x(i).
-19
Let i be (28/18 - 9/(-81))/(1/(-3)). Let v(u) = -u**3 - 2*u**2 - 8*u - 11. Calculate v(i).
104
Let n(r) = 5*r**2 - 17*r - 7. Let y(u) = 23*u**2 - 69*u - 26. Let q(d) = 9*n(d) - 2*y(d). Determine q(-12).
25
Let y(j) = 7*j + 37. Let g be y(-5). Let c(k) = g*k - 6 - 3*k + k - 2*k. What is c(-4)?
2
Let n(l) = 1329*l - 2645*l + 2*l**2 + 1299*l + 8. Determine n(13).
125
Let a(h) = h**3 + 14*h**2 - 2*h - 60. Let k be a(-15). Let u = -259 - k. Let r(p) be the first derivative of -2*p**3/3 - 3*p**2 - 2*p + 2. Calculate r(u).
-10
Let o = -300 + 411. Suppose -110*n = -o*n - 6. Let t(z) = -7*z - 8. Give t(n).
34
Let h be (-1)/(-1) - (3 + -1 + -3). Let x = h - -1. Let l(o) = 6 + 3*o**2 - o**x - 2 + 1 - 2. What is l(3)?
3
Let h(t) = -t**2 + 6*t - 4. Let s(x) = 5*x + 70. Let a be s(-13). Let j be 10*4/a + -2. Give h(j).
-4
Let k(p) be the first derivative of 0*p - 1/2*p**2 + 7/3*p**3 + 42. Give k(-1).
8
Let d(x) = 3*x - 55. Let u(y) = y - 5. Let c(k) = 5*d(k) - 4*u(k). Calculate c(23).
-2
Let q(a) = 2*a + 3 - 12*a + 0*a. Let t be -9*((-700)/(-90) + -8). What is q(t)?
-17
Suppose 25 = -5*f - 2*k, 5*k - 41 = 3*f + k. Suppose 5 = h, 0 = -d - 9*h + 4*h + 43. Let s(l) = 10 + l + 14 - d. Give s(f).
-1
Suppose 15 = -3*o + 6*x, 33 - 19 = 2*x. Let d(w) = -3*w**2 - 10*w + 6. Let z(b) = 4*b**2 + 10*b - 6. Let u(f) = -5*d(f) - 4*z(f). Calculate u(o).
3
Let q(n) = -1467*n - 5 - 1454*n + 2946*n. Give q(3).
70
Let b(x) = x**3 - 2*x**2 + 4*x - 4. Let n(f) = f**3 + 3*f**2 - 67*f - 198. Let y be n(-3). Calculate b(y).
17
Let d(m) = m**2 - 5*m + 2. Let g be d(5). Let c(v) = 4 - 3*v**g + 4 - 93*v**3 + 186*v**3 + 5*v - 94*v**3. Calculate c(-4).
4
Let f(x) be the first derivative of x**2/2 - 8*x - 1182. Let a(y) = y**3 - 4*y**2 - 2*y. Let w be a(5). Calculate f(w).
7
Let d(u) = -2*u + 12. Let p be d(5). Let a(c) = 2*c + 2*c + 1 - 2*c + p. Let t(j) = 4*j + 2. Let y be t(-2). Give a(y).
-9
Let c(a) = -a**3 + 6*a**2 + 7*a + 9. Suppose -5 - 17 = 11*u. Let i be (15 - 54)*u*(-1)/(-3). Suppose 4*q +